{"id":1712,"date":"2022-12-07T10:51:58","date_gmt":"2022-12-07T09:51:58","guid":{"rendered":"https:\/\/www.groupecherpantier.com\/?page_id=1712"},"modified":"2022-12-07T10:52:00","modified_gmt":"2022-12-07T09:52:00","slug":"mentions_legales","status":"publish","type":"page","link":"https:\/\/www.groupecherpantier.com\/index.php\/mentions_legales\/","title":{"rendered":"Mentions_legales"},"content":{"rendered":"\n[et_pb_section fb_built=\u00a0\u00bb1&Prime; _builder_version=\u00a0\u00bb4.4.7&Prime;][et_pb_row _builder_version=\u00a0\u00bb4.4.7&Prime;][et_pb_column _builder_version=\u00a0\u00bb4.4.7&Prime; type=\u00a0\u00bb4_4&Prime;][et_pb_text _builder_version=\u00a0\u00bb4.4.7&Prime; hover_enabled=\u00a0\u00bb0&Prime;]<h1>MENTIONS L\u00c9GALES<\/h1>\n<hr class=\"vc_sep_line\" \/>\n<h2>CONDITIONS D\u2019UTILISATION<\/h2>\n<p>L\u2019utilisation de ce site Internet vaut acceptation des conditions mentionn\u00e9es ci-apr\u00e8s. Le Groupe Cherpantier se r\u00e9serve la possibilit\u00e9 d\u2019engager des poursuites judiciaires en cas de violation de ces conditions d\u2019utilisation, notamment en cas de non-respect et d\u2019utilisation non autoris\u00e9e des noms et embl\u00e8mes du Groupe Cherpantier ou en cas de violation des droits li\u00e9s \u00e0 l\u2019information, au graphisme, aux textes, vid\u00e9os, documents audio, photos et images et plus g\u00e9n\u00e9ralement \u00e0 l\u2019ensemble du contenu du site.<\/p>\n<p>&nbsp;<\/p>\n<h2>DROITS D\u2019AUTEUR<\/h2>\n<p>En application du Code fran\u00e7ais de la propri\u00e9t\u00e9 intellectuelle et plus g\u00e9n\u00e9ralement des trait\u00e9s et accords internationaux comportant des dispositions relatives \u00e0 la protection des droits d\u2019auteurs, il est interdit pour un usage autre que priv\u00e9 ou p\u00e9dagogique de reproduire, vendre, diffuser, modifier, publier int\u00e9gralement ou partiellement, sous quelque forme que ce soit les donn\u00e9es, la pr\u00e9sentation ou l\u2019organisation du site ainsi que les \u0153uvres prot\u00e9g\u00e9es par les droits d\u2019auteur qui y figurent, sans autorisation \u00e9crite particuli\u00e8re et pr\u00e9alable, dont la demande doit \u00eatre adress\u00e9e au webmaster.<\/p>\n<p>&nbsp;<\/p>\n<h2>LIENS<\/h2>\n<p>Les responsables de services en ligne qui cr\u00e9ent des liens vers le pr\u00e9sent site sont tenus d\u2019en informer le webmaster. Ce site Internet peut comporter des liens vers d\u2019autres sites qui ne sont pas sous contr\u00f4le permanent. Ces liens sont consid\u00e9r\u00e9s comme utiles et pouvant enrichir l\u2019information pr\u00e9sente sur le site. Le Groupe Cherpantier n\u2019endosse aucune responsabilit\u00e9 relative \u00e0 ces sites, notamment en ce qui concerne l\u2019exactitude ou la fiabilit\u00e9 des informations, des donn\u00e9es et des opinions qui y figurent.<\/p>\n<p>&nbsp;<\/p>\n<h2>PROTECTION DES DONN\u00c9ES PERSONNELLES<\/h2>\n<p>Vous \u00eates amen\u00e9(e) \u00e0 communiquer des informations personnelles notamment lors de l\u2019utilisation du formulaire de contact. Les informations que vous transmettez sont \u00e0 usage exclusif deGroupe Cherpantier et ne seront en aucun cas transmises \u00e0 des tiers. Tout utilisateur ayant communiqu\u00e9 des informations directement ou indirectement nominatives, peut demander la communication de ces informations \u00e0 l\u2019administrateur du service et les faire rectifier le cas \u00e9ch\u00e9ant, conform\u00e9ment \u00e0 la loi fran\u00e7aise N 78-17 du 6 janvier 1978 relative \u00e0 l\u2019informatique, aux fichiers et aux libert\u00e9s. Pour exercer ce droit, adressez-vous au webmaster. Nous vous informons que la confidentialit\u00e9 des correspondances transmises par le r\u00e9seau Internet n\u2019est pas garantie.<\/p>\n[\/et_pb_text][\/et_pb_column][\/et_pb_row][\/et_pb_section]\n","protected":false},"excerpt":{"rendered":"","protected":false},"author":2,"featured_media":0,"parent":0,"menu_order":0,"comment_status":"closed","ping_status":"closed","template":"","meta":{"_et_pb_use_builder":"on","_et_pb_old_content":"","_et_gb_content_width":""},"_links":{"self":[{"href":"https:\/\/www.groupecherpantier.com\/index.php\/wp-json\/wp\/v2\/pages\/1712"}],"collection":[{"href":"https:\/\/www.groupecherpantier.com\/index.php\/wp-json\/wp\/v2\/pages"}],"about":[{"href":"https:\/\/www.groupecherpantier.com\/index.php\/wp-json\/wp\/v2\/types\/page"}],"author":[{"embeddable":true,"href":"https:\/\/www.groupecherpantier.com\/index.php\/wp-json\/wp\/v2\/users\/2"}],"replies":[{"embeddable":true,"href":"https:\/\/www.groupecherpantier.com\/index.php\/wp-json\/wp\/v2\/comments?post=1712"}],"version-history":[{"count":4,"href":"https:\/\/www.groupecherpantier.com\/index.php\/wp-json\/wp\/v2\/pages\/1712\/revisions"}],"predecessor-version":[{"id":1717,"href":"https:\/\/www.groupecherpantier.com\/index.php\/wp-json\/wp\/v2\/pages\/1712\/revisions\/1717"}],"wp:attachment":[{"href":"https:\/\/www.groupecherpantier.com\/index.php\/wp-json\/wp\/v2\/media?parent=1712"}],"curies":[{"name":"wp","href":"https:\/\/api.w.org\/{rel}","templated":true}]}}